ime number?
False
Is 410083 a composite number?
True
Is 20947 composite?
False
Is 24937 a composite number?
True
Is 1290901 composite?
False
Is 8779 prime?
True
Is 126961 a composite number?
False
Is 56567 prime?
False
Is 3155 composite?
True
Is 12373 a prime number?
True
Is 3554 a prime number?
False
Is 159233 a prime number?
True
Is 16411 a prime number?
True
Is 15891 composite?
True
Is 56033 composite?
True
Is 2581 a composite number?
True
Is 70739 composite?
True
Is 147281 prime?
False
Is 211829 prime?
False
Is 150649 composite?
False
Is 625949 prime?
False
Is 1485067 prime?
True
Is 4319 a prime number?
False
Is 526577 a composite number?
True
Is 283763 a composite number?
False
Is 39019 a composite number?
False
Is 24407 a composite number?
False
Is 56659 a prime number?
True
Is 985 a prime number?
False
Is 6197 a prime number?
True
Is 53349 a composite number?
True
Is 78151 composite?
True
Is 260894 a prime number?
False
Is 525023 prime?
False
Is 32471 a composite number?
True
Is 1596433 a prime number?
True
Is 12149 a composite number?
False
Is 20941 composite?
True
Is 134639 a prime number?
True
Is 177397 a prime number?
False
Is 28921 prime?
True
Is 60509 composite?
False
Is 68293 a prime number?
False
Is 710599 composite?
False
Is 96847 prime?
True
Is 37409 composite?
False
Is 4861 a composite number?
False
Is 56687 a composite number?
False
Is 235609 prime?
False
Is 474413 a composite number?
False
Is 1315 a prime number?
False
Is 101629 prime?
False
Is 115411 a composite number?
True
Is 997069 composite?
False
Is 13291 a prime number?
True
Is 29819 a prime number?
True
Is 1680878 composite?
True
Is 13285 a composite number?
True
Is 12655 a composite number?
True
Is 1496267 composite?
False
Is 1901 a composite number?
False
Is 3109 composite?
False
Is 19373 a prime number?
True
Is 33679 a composite number?
False
Is 158843 a composite number?
False
Is 36761 composite?
False
Is 182117 a composite number?
True
Is 86189 composite?
True
Is 5433 composite?
True
Is 6227 composite?
True
Is 490367 composite?
False
Is 49433 a composite number?
False
Is 218047 prime?
True
Is 132491 a composite number?
False
Is 1668617 a composite number?
False
Is 173887 a composite number?
True
Is 685677 a composite number?
True
Is 4963 a prime number?
False
Is 290942 a prime number?
False
Is 24689 a composite number?
True
Is 319 a composite number?
True
Is 21001 composite?
False
Is 1326499 a prime number?
True
Is 11335 prime?
False
Is 487 a prime number?
True
Is 708091 a composite number?
False
Is 82699 prime?
True
Is 377011 a prime number?
True
Is 1082 a composite number?
True
Is 71717 composite?
True
Is 1831705 a composite number?
True
Is 12149 a prime number?
True
Is 1151081 a composite number?
True
Is 11861 a prime number?
False
Is 63851 prime?
False
Is 1514731 prime?
True
Is 9941 prime?
True
Is 7499 a composite number?
False
Is 366493 a composite number?
True
Is 813779 a composite number?
True
Is 344543 prime?
True
Is 1764103 a composite number?
True
Is 18593 prime?
True
Is 29703 composite?
True
Is 68773 prime?
False
Is 809687 prime?
False
Is 21431 prime?
False
Is 30815 a prime number?
False
Is 17137 a composite number?
False
Is 1334621 composite?
True
Is 45949 a composite number?
False
Is 106409 composite?
True
Is 116821 prime?
False
Is 241003 a composite number?
True
Is 221245 prime?
False
Is 44246 composite?
True
Is 555823 a prime number?
True
Is 147919 a composite number?
False
Is 178127 composite?
False
Is 740213 composite?
True
Is 18781 composite?
True
Is 80071 a composite number?
False
Is 535757 a prime number?
True
Is 1315423 prime?
False
Is 5897 composite?
False
Is 156167 a prime number?
False
Is 7639 a composite number?
False
Is 14759 prime?
True
Is 159 a prime number?
False
Is 1894 composite?
True
Is 3097 a prime number?
False
Is 4891 composite?
True
Is 6686 prime?
False
Is 29443 a prime number?
True
Is 2673343 composite?
False
Is 67451 a prime number?
False
Is 12097 composite?
False
Is 182233 prime?
True
Is 48857 a composite number?
False
Is 877 a prime number?
True
Is 20122 prime?
False
Is 20201 a prime number?
True
Is 1127521 a composite number?
True
Is 8059 composite?
False
Is 125921 a prime number?
True
Is 374701 a composite number?
False
Is 311783 prime?
False
Is 376049 prime?
True
Is 37217 a prime number?
True
Is 29039 a composite number?
True
Is 121417 composite?
True
Is 449455 composite?
True
Is 95813 a prime number?
True
Is 177829 prime?
False
Is 1702079 a prime number?
True
Is 1431413 prime?
True
Is 467 composite?
False
Is 17011 a composite number?
False
Is 21869 a prime number?
False
Is 1333487 a composite number?
True
Is 18947 composite?
False
Is 29038 composite?
True
Is 100907 composite?
False
Is 1513 a composite number?
True
Is 27197 prime?
True
Is 64781 a prime number?
True
Is 5155 a prime number?
False
Is 1284429 a prime number?
False
Is 58273 prime?
False
Is 1714211 a prime number?
True
Is 255907 a prime number?
True
Is 630847 composite?
True
Is 93227 a prime number?
False
Is 6287 prime?
True
Is 1931 a composite number?
False
Is 8501 a composite number?
False
Is 59043 prime?
False
Is 1409 composite?
False
Is 38859 prime?
False
Is 1158523 a composite number?
False
Is 112963 a prime number?
False
Is 104783 a composite number?
True
Is 2063 a prime number?
True
Is 237719 a composite number?
True
Is 758 prime?
False
Is 139579 composite?
True
Is 105071 composite?
False
Is 454433 prime?
False
Is 6343 a prime number?
True
Is 3635 a composite number?
True
Is 1279 composite?
False
Is 55997 a composite number?
False
Is 402733 a prime number?
False
Is 118189 composite?
False
Is 38191 composite?
True
Is 9871 a prime number?
True
Is 223073 a composite number?
True
Is 419191 a prime number?
True
Is 1701337 prime?
False
Is 5387 a prime number?
True
Is 192251 composite?
False
Is 418103 prime?
False
Is 2146303 prime?
True
Is 160441 a prime number?
True
Is 251143 a prime number?
True
Is 49 composite?
True
Is 25733 a prime number?
True
Is 64282 composite?
True
Is 134909 a prime number?
True
Is 13499 a prime number?
True
Is 629059 prime?
True
Is 6637 a composite number?
False
Is 50951 prime?
True
Is 1514885 prime?
False
Is 473853 prime?
False
Is 11127 prime?
False
Is 17257 composite?
False
Is 760519 prime?
True
Is 51215 a prime number?
False
Is 231529 composite?
False
Is 200977 composite?
True
Is 52057 prime?
True
Is 9379 a composite number?
True
Is 1499 composite?
False
Is 29909 a composite number?
True
Is 125519 a prime number?
False
Is 5167 a composite number?
False
Is 34739 a composite number?
False
Is 90109 prime?
False
Is 6467 prime?
False
Is 9347 prime?
False
Is 74311 a composite number?
False
Is 25867 prime?
True
Is 608098 a composite number?
True
Is 1313 prime?
False
Is 103387 a prime number?
True
Is 10897 a prime number?
False
Is 50693 prime?
False
Is 330271 prime?
True
Is 6193 prime?
False
Is 133901 a prime number?
False
Is 1596433 composite?
False
Is 1225219 a prime number?
True
Is 18947 a composite number?
False
Is 171553 prime?
True
Is 2096777 prime?
True
Is 33793 prime?
False
Is 6697 a prime number?
False
Is 488051 a prime number?
True
Is 237058 prime?
False
Is 98561 a prime number?
True
Is 7069 a composite number?
False
Is 6899 a prime number?
True
Is 126127 a composite number?
False
Is 96293 a composite number?
False
Is 6289 a prime number?
False
Is 5241 a prime number?
False
Is 13001 a composite number?
False
Is 453157 composite?
False
Is 57871 prime?
False
Is 26969 a composite number?
True
Is 7941269 a composite number?
True
Is 1361 prime?
True
Is 115793 a prime number?
True
Is 40286 a composite number?
True
Is 25777 composite?
True
Is 2363761 composite?
True
Is 17467 prime?
True
Is 2064557 composite?
True
Is 1187 composite?
False
Is 2317 composite?
True
Is 485753 a prime number?
True
Is 41077 prime?
True
Is 395103 a composite number?
True
Is 40343 a prime number?
True
Is 45779 composite?
False
Is 53539 prime?
False
Is 3042853 a prime number?
False
Is 2477 prime?
True
Is 184901 a prime number?
True
Is 19373 prime?
True
Is 5779 a prime number?
True
Is 2249 a composite number?
True
Is 578167 prime?
True
Is 11239 prime?
True
Is 97979 composite?
True
Is 80867 composite?
True
Is 791431 composite?
False
Is 14143 prime?
True
Is 7